{"id":838,"date":"2023-11-14T00:36:43","date_gmt":"2023-11-14T00:36:43","guid":{"rendered":"https:\/\/playgrow.com.br\/cliente\/ciklo\/?page_id=838"},"modified":"2023-12-11T18:46:42","modified_gmt":"2023-12-11T18:46:42","slug":"blog","status":"publish","type":"page","link":"https:\/\/playgrow.com.br\/cliente\/ciklo\/blog\/","title":{"rendered":"Blog"},"content":{"rendered":"\t\t<div data-elementor-type=\"wp-page\" data-elementor-id=\"838\" class=\"elementor elementor-838\" data-elementor-post-type=\"page\">\n\t\t\t\t<div class=\"elementor-element elementor-element-25141d9 e-flex e-con-boxed e-con e-parent\" data-id=\"25141d9\" data-element_type=\"container\">\n\t\t\t\t\t<div class=\"e-con-inner\">\n\t\t<div class=\"elementor-element elementor-element-46d8c319 e-con-full e-flex e-con e-parent\" data-id=\"46d8c319\" data-element_type=\"container\">\n\t\t<div class=\"elementor-element elementor-element-ee6a929 e-con-full e-flex e-con e-parent\" data-id=\"ee6a929\" data-element_type=\"container\">\n\t\t\t\t<div class=\"elementor-element elementor-element-73ade46c elementor-widget__width-initial elementor-widget elementor-widget-heading\" data-id=\"73ade46c\" data-element_type=\"widget\" data-widget_type=\"heading.default\">\n\t\t\t\t<div class=\"elementor-widget-container\">\n\t\t\t\t\t<h2 class=\"elementor-heading-title elementor-size-default\">\u00daltimas not\u00edcias<\/h2>\t\t\t\t<\/div>\n\t\t\t\t<\/div>\n\t\t\t\t<div class=\"elementor-element elementor-element-cfc2ced elementor-widget__width-initial elementor-search-form--skin-classic elementor-search-form--button-type-icon elementor-search-form--icon-search elementor-widget elementor-widget-search-form\" data-id=\"cfc2ced\" data-element_type=\"widget\" data-settings=\"{&quot;skin&quot;:&quot;classic&quot;}\" data-widget_type=\"search-form.default\">\n\t\t\t\t<div class=\"elementor-widget-container\">\n\t\t\t\t\t\t\t<search role=\"search\">\n\t\t\t<form class=\"elementor-search-form\" action=\"https:\/\/playgrow.com.br\/cliente\/ciklo\" method=\"get\">\n\t\t\t\t\t\t\t\t\t\t\t\t<div class=\"elementor-search-form__container\">\n\t\t\t\t\t<label class=\"elementor-screen-only\" for=\"elementor-search-form-cfc2ced\">Search<\/label>\n\n\t\t\t\t\t\n\t\t\t\t\t<input id=\"elementor-search-form-cfc2ced\" placeholder=\"Buscar\" class=\"elementor-search-form__input\" type=\"search\" name=\"s\" value=\"\">\n\t\t\t\t\t\n\t\t\t\t\t\t\t\t\t\t\t<button class=\"elementor-search-form__submit\" type=\"submit\" aria-label=\"Search\">\n\t\t\t\t\t\t\t\t\t\t\t\t\t\t\t<i aria-hidden=\"true\" class=\"fas fa-search\"><\/i>\t\t\t\t\t\t\t\t<span class=\"elementor-screen-only\">Search<\/span>\n\t\t\t\t\t\t\t\t\t\t\t\t\t<\/button>\n\t\t\t\t\t\n\t\t\t\t\t\t\t\t\t<\/div>\n\t\t\t<\/form>\n\t\t<\/search>\n\t\t\t\t\t\t<\/div>\n\t\t\t\t<\/div>\n\t\t\t\t<\/div>\n\t\t\t\t<div class=\"elementor-element elementor-element-7a3d1e3 elementor-grid-2 elementor-grid-tablet-2 elementor-grid-mobile-1 elementor-posts--thumbnail-top elementor-card-shadow-yes elementor-posts__hover-gradient elementor-widget elementor-widget-posts\" data-id=\"7a3d1e3\" data-element_type=\"widget\" data-settings=\"{&quot;cards_columns&quot;:&quot;2&quot;,&quot;cards_columns_tablet&quot;:&quot;2&quot;,&quot;cards_columns_mobile&quot;:&quot;1&quot;,&quot;cards_row_gap&quot;:{&quot;unit&quot;:&quot;px&quot;,&quot;size&quot;:35,&quot;sizes&quot;:[]},&quot;cards_row_gap_tablet&quot;:{&quot;unit&quot;:&quot;px&quot;,&quot;size&quot;:&quot;&quot;,&quot;sizes&quot;:[]},&quot;cards_row_gap_mobile&quot;:{&quot;unit&quot;:&quot;px&quot;,&quot;size&quot;:&quot;&quot;,&quot;sizes&quot;:[]}}\" data-widget_type=\"posts.cards\">\n\t\t\t\t<div class=\"elementor-widget-container\">\n\t\t\t\t\t\t\t<div class=\"elementor-posts-container elementor-posts elementor-posts--skin-cards elementor-grid\">\n\t\t\t\t<article class=\"elementor-post elementor-grid-item post-868 post type-post status-publish format-standard has-post-thumbnail hentry category-economia category-energia-solar category-sustentabilidade\">\n\t\t\t<div class=\"elementor-post__card\">\n\t\t\t\t<a class=\"elementor-post__thumbnail__link\" href=\"https:\/\/playgrow.com.br\/cliente\/ciklo\/2023\/11\/14\/transforme-o-sol-em-seu-aliado\/\" tabindex=\"-1\" ><div class=\"elementor-post__thumbnail\"><img fetchpriority=\"high\" decoding=\"async\" width=\"800\" height=\"450\" src=\"https:\/\/playgrow.com.br\/cliente\/ciklo\/wp-content\/uploads\/2023\/11\/paineis-solares-na-cobertura-celula-solar-1-1024x576.jpg\" class=\"attachment-large size-large wp-image-869\" alt=\"\" srcset=\"https:\/\/playgrow.com.br\/cliente\/ciklo\/wp-content\/uploads\/2023\/11\/paineis-solares-na-cobertura-celula-solar-1-1024x576.jpg 1024w, https:\/\/playgrow.com.br\/cliente\/ciklo\/wp-content\/uploads\/2023\/11\/paineis-solares-na-cobertura-celula-solar-1-300x169.jpg 300w, https:\/\/playgrow.com.br\/cliente\/ciklo\/wp-content\/uploads\/2023\/11\/paineis-solares-na-cobertura-celula-solar-1-768x432.jpg 768w, https:\/\/playgrow.com.br\/cliente\/ciklo\/wp-content\/uploads\/2023\/11\/paineis-solares-na-cobertura-celula-solar-1-1536x864.jpg 1536w, https:\/\/playgrow.com.br\/cliente\/ciklo\/wp-content\/uploads\/2023\/11\/paineis-solares-na-cobertura-celula-solar-1-2048x1152.jpg 2048w\" sizes=\"(max-width: 800px) 100vw, 800px\" \/><\/div><\/a>\n\t\t\t\t<div class=\"elementor-post__badge\">Economia<\/div>\n\t\t\t\t<div class=\"elementor-post__text\">\n\t\t\t\t<h3 class=\"elementor-post__title\">\n\t\t\t<a href=\"https:\/\/playgrow.com.br\/cliente\/ciklo\/2023\/11\/14\/transforme-o-sol-em-seu-aliado\/\" >\n\t\t\t\tTransforme o Sol em seu aliado\t\t\t<\/a>\n\t\t<\/h3>\n\t\t\t\t<div class=\"elementor-post__excerpt\">\n\t\t\t<p>Voc\u00ea j\u00e1 imaginou transformar o sol em seu aliado e reduzir drasticamente os custos com energia el\u00e9trica? Pois saiba que isso \u00e9 totalmente poss\u00edvel com a energia solar!<\/p>\n\t\t<\/div>\n\t\t\n\t\t<a class=\"elementor-post__read-more\" href=\"https:\/\/playgrow.com.br\/cliente\/ciklo\/2023\/11\/14\/transforme-o-sol-em-seu-aliado\/\" aria-label=\"Read more about Transforme o Sol em seu aliado\" tabindex=\"-1\" >\n\t\t\tLEIA MAIS\t\t<\/a>\n\n\t\t\t\t<\/div>\n\t\t\t\t<div class=\"elementor-post__meta-data\">\n\t\t\t\t\t<span class=\"elementor-post-date\">\n\t\t\tNovembro 14, 2023\t\t<\/span>\n\t\t\t\t<\/div>\n\t\t\t\t\t<\/div>\n\t\t<\/article>\n\t\t\t\t<\/div>\n\t\t\n\t\t\t\t\t\t<\/div>\n\t\t\t\t<\/div>\n\t\t\t\t<\/div>\n\t\t\t\t\t<\/div>\n\t\t\t\t<\/div>\n\t\t\t\t<\/div>\n\t\t","protected":false},"excerpt":{"rendered":"<p>\u00daltimas not\u00edcias<\/p>\n","protected":false},"author":1,"featured_media":0,"parent":0,"menu_order":0,"comment_status":"closed","ping_status":"closed","template":"","meta":{"footnotes":""},"class_list":["post-838","page","type-page","status-publish","hentry"],"_links":{"self":[{"href":"https:\/\/playgrow.com.br\/cliente\/ciklo\/wp-json\/wp\/v2\/pages\/838","targetHints":{"allow":["GET"]}}],"collection":[{"href":"https:\/\/playgrow.com.br\/cliente\/ciklo\/wp-json\/wp\/v2\/pages"}],"about":[{"href":"https:\/\/playgrow.com.br\/cliente\/ciklo\/wp-json\/wp\/v2\/types\/page"}],"author":[{"embeddable":true,"href":"https:\/\/playgrow.com.br\/cliente\/ciklo\/wp-json\/wp\/v2\/users\/1"}],"replies":[{"embeddable":true,"href":"https:\/\/playgrow.com.br\/cliente\/ciklo\/wp-json\/wp\/v2\/comments?post=838"}],"version-history":[{"count":47,"href":"https:\/\/playgrow.com.br\/cliente\/ciklo\/wp-json\/wp\/v2\/pages\/838\/revisions"}],"predecessor-version":[{"id":1242,"href":"https:\/\/playgrow.com.br\/cliente\/ciklo\/wp-json\/wp\/v2\/pages\/838\/revisions\/1242"}],"wp:attachment":[{"href":"https:\/\/playgrow.com.br\/cliente\/ciklo\/wp-json\/wp\/v2\/media?parent=838"}],"curies":[{"name":"wp","href":"https:\/\/api.w.org\/{rel}","templated":true}]}}